re the prime factors of 50060629?
31, 1614859
List the prime factors of 959590184.
2, 7, 331, 51769
What are the prime factors of 4181772841?
4181772841
What are the prime factors of 636084272?
2, 39755267
List the prime factors of 294876339.
3, 17, 5781889
What are the prime factors of 101423285?
5, 2729, 7433
What are the prime factors of 2350955193?
3, 1933, 405407
List the prime factors of 214585173.
3, 11, 722509
What are the prime factors of 101654061?
3, 33884687
What are the prime factors of 51948022?
2, 7, 17, 167, 1307
List the prime factors of 279935545.
5, 55987109
What are the prime factors of 50522295?
3, 5, 1429, 2357
What are the prime factors of 73858595?
5, 14771719
What are the prime factors of 736937773?
11, 13, 109, 47279
List the prime factors of 628699698.
2, 3, 11, 277, 3821
List the prime factors of 128931417.
3, 17, 569, 1481
List the prime factors of 92553667.
113, 257, 3187
List the prime factors of 88512503.
88512503
List the prime factors of 129357618.
2, 3, 13, 59, 28109
List the prime factors of 18077999.
18077999
List the prime factors of 271004861.
271004861
What are the prime factors of 1031384569?
1667, 618707
List the prime factors of 59116474.
2, 29558237
List the prime factors of 463544628.
2, 3, 1087, 35537
What are the prime factors of 865638841?
19, 45559939
What are the prime factors of 30367471?
223, 136177
What are the prime factors of 696835648?
2, 10888057
List the prime factors of 253828157.
11, 23075287
What are the prime factors of 16607331?
3, 13, 43, 3301
List the prime factors of 346511958.
2, 3, 13, 941, 4721
What are the prime factors of 51930623?
317, 163819
List the prime factors of 1998649482.
2, 3, 19, 17532013
What are the prime factors of 433914675?
3, 5, 29, 199501
List the prime factors of 21888619.
101, 216719
What are the prime factors of 132702319?
1493, 88883
What are the prime factors of 194280369?
3, 17, 67, 56857
What are the prime factors of 603640529?
603640529
List the prime factors of 4162694959.
857, 4857287
List the prime factors of 331071777.
3, 179, 205507
What are the prime factors of 3206322113?
17053, 188021
What are the prime factors of 658042616?
2, 7, 11, 1068251
What are the prime factors of 374468040?
2, 3, 5, 1040189
List the prime factors of 839696448.
2, 3, 4373419
What are the prime factors of 637579407?
3, 17, 251, 49807
What are the prime factors of 686907277?
7, 131, 749081
List the prime factors of 71298079.
83, 337, 2549
What are the prime factors of 15572295?
3, 5, 346051
What are the prime factors of 444373570?
2, 5, 23, 1932059
What are the prime factors of 2848976307?
3, 41, 857867
What are the prime factors of 959434577?
59, 907, 17929
What are the prime factors of 359537282?
2, 13, 41, 337277
List the prime factors of 144375961.
37, 3902053
What are the prime factors of 288406633?
43, 6707131
What are the prime factors of 55798854?
2, 3, 2557, 3637
What are the prime factors of 247343674?
2, 123671837
What are the prime factors of 2959456016?
2, 11, 17, 989123
What are the prime factors of 444494988?
2, 3, 7, 17, 31, 3347
What are the prime factors of 289079696?
2, 17, 1062793
What are the prime factors of 10415519?
10415519
What are the prime factors of 54908357?
7, 61, 128591
What are the prime factors of 37925779?
41, 925019
List the prime factors of 4692214.
2, 2346107
What are the prime factors of 5587322?
2, 13, 17, 12641
List the prime factors of 1630424067.
3, 19, 28603931
List the prime factors of 101463647.
47, 2158801
List the prime factors of 647879715.
3, 5, 7, 32647
List the prime factors of 1942472404.
2, 485618101
List the prime factors of 662227992.
2, 3, 29, 317159
List the prime factors of 25435996.
2, 31, 205129
List the prime factors of 1231491293.
29, 41, 877, 1181
What are the prime factors of 2843706218?
2, 1421853109
List the prime factors of 18883382.
2, 7, 353, 3821
List the prime factors of 703168269.
3, 47, 4987009
List the prime factors of 1280468801.
131, 9774571
What are the prime factors of 5987997?
3, 283, 2351
What are the prime factors of 851678336?
2, 293, 22709
List the prime factors of 1832328726.
2, 3, 19, 37, 434407
What are the prime factors of 4794705?
3, 5, 47, 2267
List the prime factors of 561947719.
257, 2186567
What are the prime factors of 4415798294?
2, 211, 10463977
What are the prime factors of 41110478?
2, 37, 347, 1601
List the prime factors of 1272379236.
2, 3, 37, 61, 109, 431
What are the prime factors of 242244692?
2, 60561173
List the prime factors of 913692345.
3, 5, 60912823
List the prime factors of 2389987524.
2, 3, 107, 457, 4073
List the prime factors of 241935452.
2, 11, 37, 148609
What are the prime factors of 1448667733?
17, 85215749
What are the prime factors of 428334205?
5, 13, 29, 227233
What are the prime factors of 124718045?
5, 1319, 18911
List the prime factors of 111861972.
2, 3, 17, 23, 883
List the prime factors of 1268986415.
5, 253797283
List the prime factors of 4788104522.
2, 79, 30304459
List the prime factors of 215992727.
503, 429409
What are the prime factors of 186071361?
3, 7, 173, 51217
What are the prime factors of 132229662?
2, 3, 113, 195029
What are the prime factors of 6977029?
6977029
What are the prime factors of 2128778148?
2, 3, 7, 17, 173, 1231
List the prime factors of 695797159.
557, 1249187
List the prime factors of 700178041.
89, 2281, 3449
What are the prime factors of 6012644689?
151, 2729, 14591
List the prime factors of 87086239.
4283, 20333
What are the prime factors of 225779156?
2, 79, 811, 881
What are the prime factors of 300896861?
3823, 78707
List the prime factors of 22858679.
22858679
What are the prime factors of 104069122?
2, 509, 102229
List the prime factors of 2773677.
3, 19, 48661
List the prime factors of 7204023744.
2, 3, 37520957
List the prime factors of 5006280693.
3, 7019, 237749
List the prime factors of 1172141714.
2, 211, 491, 5657
List the prime factors of 17138605.
5, 11, 317, 983
What are the prime factors of 4083300790?
2, 5, 408330079
What are the prime factors of 104098060?
2, 5, 11, 473173
What are the prime factors of 1318025189?
13, 23, 191657
What are the prime factors of 1478769681?
3, 463, 1064629
List the prime factors of 3072124240.
2, 5, 769, 49937
What are the prime factors of 101795408?
2, 11, 13, 44491
List the prime factors of 536565700.
2, 5, 11, 19, 25673
What are the prime factors of 32578951?
67, 73, 6661
What are the prime factors of 1784796?
2, 3, 13, 17, 673
List the prime factors of 59425896.
2, 3, 2476079
What are the prime factors of 64194775?
5, 137, 18743
List the prime factors of 43046178.
2, 3, 7, 1024909
List the prime factors of 467039004.
2, 3, 38919917
List the prime factors of 243934646.
2, 121967323
What are the prime factors of 527036262?
2, 3, 59, 1488803
What are the prime factors of 16135279?
107, 150797
List the prime factors of 30987657.
3, 131, 8761
List the prime factors of 588881316.
2, 3, 89, 551387
List the prime factors of 43064831.
47, 916273
List the prime factors of 254818952.
2, 31852369
List the prime factors of 24944845.
5, 37, 134837
List the prime factors of 1244287990.
2, 5, 11, 43, 263063
What are the prime factors of 222414421?
222414421
What are the prime factors of 139267262?
2, 69633631
What are the prime factors of 181765446?
2, 3, 29, 1044629
What are the prime factors of 90814546?
2, 53, 233, 3677
List the prime factors of 269357651.
97, 2776883
What are the prime factors of 31917117?
3, 10639039
List the prime factors of 17385117.
3, 59, 98221
What are the prime factors of 706020924?
2, 3, 7, 19, 277, 1597
What are the prime factors of 69016199?
7, 31, 557, 571
List the prime factors of 3133960727.
17, 2657, 69383
What are the prime factors of 176522535?
3, 5, 7, 149, 3761
List the prime factors of 2998926177.
3, 13, 8543, 9001
List the prime factors of 74321926.
2, 7, 17, 6373
What are the prime factors of 2082431199?
3, 2459, 282287
List the prime factors of 35649292.
2, 7, 131, 9719
What are the prime factors of 2850588132?
2, 3, 7, 4847939
What are the prime factors of 1068162576?
2, 3, 13, 1711799
What are the prime factors of 19954554?
2, 3, 3325759
List the prime factors of 814881882.
2, 3, 83, 677, 2417
What are the prime factors of 6